?
332
Convert -2 (base 8) to base 9.
-2
Convert 4 (base 5) to base 15.
4
Convert -215 (base 10) to base 2.
-11010111
-2211 (base 3) to base 7
-136
1a0 (base 12) to base 2
100001000
Convert -40 (base 6) to base 3.
-220
35 (base 16) to base 11
49
What is 3 (base 16) in base 12?
3
32 (base 5) to base 14
13
24 (base 6) to base 8
20
10 (base 3) to base 9
3
What is -14 (base 5) in base 16?
-9
0 (base 3) to base 10
0
Convert -10101 (base 2) to base 12.
-19
What is 1 (base 15) in base 4?
1
What is 2 (base 10) in base 2?
10
Convert -11 (base 4) to base 9.
-5
What is -4 (base 9) in base 10?
-4
-201 (base 5) to base 3
-1220
What is 3 (base 12) in base 15?
3
Convert 22 (base 4) to base 6.
14
Convert 164 (base 7) to base 15.
65
Convert -11 (base 11) to base 15.
-c
Convert -18 (base 11) to base 3.
-201
-3 (base 6) to base 4
-3
What is 12 (base 12) in base 14?
10
What is 8 (base 11) in base 6?
12
24 (base 10) to base 4
120
What is -1 (base 2) in base 11?
-1
Convert -4 (base 8) to base 2.
-100
What is -20 (base 4) in base 12?
-8
Convert -101 (base 3) to base 13.
-a
Convert -10a (base 11) to base 10.
-131
Convert 3 (base 10) to base 9.
3
What is 2 (base 11) in base 3?
2
What is 28 (base 16) in base 12?
34
What is 5c (base 15) in base 11?
7a
What is -52 (base 13) in base 15?
-47
47 (base 11) to base 16
33
What is -63 (base 7) in base 16?
-2d
What is -6 (base 7) in base 14?
-6
What is 4 (base 7) in base 9?
4
Convert 110 (base 2) to base 9.
6
3 (base 5) to base 15
3
What is -3 (base 12) in base 11?
-3
Convert 333 (base 5) to base 11.
85
What is -3d (base 14) in base 5?
-210
Convert a (base 11) to base 2.
1010
What is -10 (base 4) in base 10?
-4
What is 4 (base 6) in base 5?
4
4d (base 15) to base 8
111
What is 0 (base 9) in base 4?
0
Convert -2 (base 13) to base 5.
-2
Convert 2 (base 16) to base 5.
2
What is 5 (base 15) in base 16?
5
What is 8 (base 13) in base 9?
8
Convert 1101010 (base 2) to base 8.
152
Convert 0 (base 2) to base 6.
0
-223 (base 4) to base 15
-2d
Convert 1010 (base 2) to base 16.
a
Convert -31 (base 8) to base 3.
-221
12 (base 3) to base 15
5
What is -b (base 14) in base 16?
-b
-1100 (base 2) to base 5
-22
Convert -203 (base 5) to base 10.
-53
-322 (base 5) to base 9
-106
Convert -11 (base 11) to base 4.
-30
42 (base 8) to base 5
114
What is -ca (base 13) in base 10?
-166
Convert -2 (base 6) to base 10.
-2
Convert b2 (base 12) to base 16.
86
-132 (base 8) to base 11
-82
Convert -65 (base 8) to base 4.
-311
Convert 202 (base 3) to base 2.
10100
Convert -100 (base 2) to base 13.
-4
1303 (base 4) to base 3
11021
What is 9 (base 13) in base 8?
11
9 (base 10) to base 12
9
3 (base 14) to base 2
11
Convert -5 (base 15) to base 12.
-5
110 (base 9) to base 7
156
Convert -1 (base 13) to base 3.
-1
-43 (base 5) to base 2
-10111
What is 1 (base 12) in base 10?
1
Convert -9 (base 16) to base 12.
-9
What is 118 (base 13) in base 4?
2332
What is 5 (base 16) in base 8?
5
-10002 (base 4) to base 2
-100000010
What is -3c (base 14) in base 7?
-105
What is -4 (base 10) in base 15?
-4
Convert -5 (base 14) to base 6.
-5
-22 (base 7) to base 10
-16
Convert -19 (base 15) to base 2.
-11000
-2 (base 11) to base 12
-2
-18 (base 16) to base 5
-44
Convert a (base 13) to base 3.
101
What is -113 (base 5) in base 15?
-23
What is 3 (base 15) in base 3?
10
Convert -110000000 (base 2) to base 6.
-1440
0 (base 13) to base 7
0
1 (base 8) to base 13
1
What is 4 (base 7) in base 15?
4
Convert 30 (base 14) to base 10.
42
Convert 352 (base 6) to base 7.
260
What is 11111 (base 2) in base 7?
43
Convert 23 (base 12) to base 13.
21
Convert 2122 (base 3) to base 5.
241
8 (base 10) to base 6
12
3b (base 16) to base 15
3e
Convert 111001 (base 2) to base 15.
3c
What is -2 (base 8) in base 7?
-2
Convert -8 (base 12) to base 9.
-8
What is 22 (base 7) in base 14?
12
Convert -77 (base 12) to base 14.
-67
Convert c (base 16) to base 6.
20
What is 31 (base 9) in base 15?
1d
34 (base 7) to base 15
1a
Convert -74 (base 15) to base 9.
-131
4 (base 10) to base 14
4
Convert -29 (base 12) to base 2.
-100001
What is 6 (base 8) in base 16?
6
-204 (base 6) to base 7
-136
Convert 8 (base 13) to base 2.
1000
What is -11 (base 8) in base 2?
-1001
105 (base 6) to base 14
2d
-21 (base 4) to base 9
-10
-545 (base 6) to base 5
-1314
What is -1 (base 3) in base 15?
-1
What is 110 (base 2) in base 15?
6
-131 (base 9) to base 4
-1231
Convert -25 (base 16) to base 2.
-100101
50 (base 11) to base 9
61
Convert -48 (base 11) to base 9.
-57
What is 1 (base 6) in base 9?
1
Convert 0 (base 6) to base 7.
0
Convert -1c (base 14) to base 5.
-101
Convert 211 (base 7) to base 6.
254
-45 (base 12) to base 15
-38
1 (base 7) to base 8
1
What is 3 (base 15) in base 7?
3
Convert -13a (base 14) to base 9.
-305
What is 3 (base 15) in base 12?
3
130 (base 11) to base 7
310
What is -2101 (base 3) in base 13?
-4c
Convert 182 (base 10) to base 2.
10110110
What is 52 (base 8) in base 12?
36
What is ba (base 13) in base 12?
109
-3 (base 8) to base 15
-3
What is -11 (base 14) in base 9?
-16
-3 (base 14) to base 12
-3
-100000 (base 2) to base 4
-200
a (base 16) to base 3
101
Convert -100 (base 3) to base 4.
-21
Convert -8 (base 15) to base 5.
-13
-268 (base 12) to base 10
-368
Convert -131 (base 8) to base 6.
-225
What is 2342 (base 5) in base 16?
15b
Convert -1302 (base 5) to base 12.
-14a
Convert -12222 (base 3) to base 12.
-115
What is 14 (base 7) in base 8?
13
Convert 0 (base 16) to base 4.
0
6 (base 16) to base 10
6
Convert 1130 (base 4) to base 13.
71
-4 (base 14) to base 5
-4
30 (base 11) to base 12
29
Convert -17 (base 8) to base 5.
-30
What is 5 (base 15) in base 8?
5
23 (base 10) to base 3
212
-75 (base 9) to base 6
-152
Convert -3 (base 11) to base 12.
-3
What is -11 (base 5) in base 2?
-110
Convert -142 (base 11) to base 9.
-205
Convert 213 (base 7) to base 4.
1230
0 (base 5) to base 12
0
What is 17 (base 8) in base 14?
11
1 (base 16) to base 4
1
What is 2 (base 11) in base 9?
2
1 (base 13) to base 5
1
Convert -166 (base 9) to base 11.
-119
Convert -4 (base 12) to base 9.
-4
Convert -26 (base 15) to base 5.
-121
-20 (base 11) to base 10
-22
-1 (base 10) to base 12
-1
What is 0 (base 12) in base 9?
0
What is -4 (base 14) in base 13?
-4
What is -2 (base 11) in base 16?
-2
2 (base 13) to base 5
2
Convert -b (base 13) to base 2.
-1011
Convert -2 (base 11) to base 8.
-2
15 (base 14) to base 7
25
What is 44 (base 8) in base 13?
2a
What is -77 (base 10) in base 5?
-302
1101 (base 2) to base 6
21
What is -1010111 (base 2) in base 14?
-63
What is -28 (base 12) in base 4?
-200
What is -aa (base 14) in base 10?
-150
Convert 2 (base 16) to base 5.
2
41 (base 14) to base 16
39
Convert 1110 (base 2) to base 7.
20
2b (base 15) to base 12
35
Convert 6 (base 9) to base 14.
6
Convert -20 (base 4) to base 7.
-11
What is -3 (base 6) in base 7?
-3
Convert 5 (base 16) to base 10.
5
1201 (base 5) to base 8
260
What is -5 (base 12) in base 2?
-101
-60 (base 9) to base 3
-2000
-5 (base 8) to base 4
-11
Convert 6 (base 15) to base 3.
20
What is -59 (base 10) in base 8?
-73
a (base 16) to base 12
a
110 (base 2) to base 11
6
What is 5 (base 10) in base 13?
5
3d (base 14) to base 13
43
Convert -133 (base 13) to base 8.
-323
What is -14 (base 15) in base 13?
-16
Convert 17 (base 10) to base 8.
21
What is -1000 (base 3) in base 4?
-123
What is 0 (base 10) in base 11?
0
-564 (base 7) to base 11
-245
Convert -13 (base 11) to base 3.
-112
What is 7a (base 11) in base 10?
87
What is -153 (base 6) in base 4?
-1011
Convert 78 (base 14) to base 5.
411
Convert -1 (base 4) to base 2.
-1
Convert -4 (base 10) to base 12.
-4
a9 (base 11) to base 7
230
-1 (base 13) to base 10
-1
Convert -102 (base 3) to base 11.
-10
Convert 55 (base 13) to base 10.
70
Convert -2 (base 13) to base 9.
-2
-9 (base 13) to base 4
-21
What is -3 (base 12) in base 10?
-3
-20 (base 12) to base 16
-18
What is 222 (base 4) in base 15?
2c
What is 0 (base 5) in base 14?
0
0 (base 6) to base 15
0
5 (base 10) to base 7
5
What is -2 (base 4) in base 5?
-2
Convert -c (base 15) to base 3.
-110
3011 (base 4) to base 2
11000101
What is -24 (base 6) in base 7?
-22
What is -100 (base 3) in base 12?
-9
10 (base 6) to base 3
20
-30 (base 11) to base 9
-36
-2 (base 11) to base 9
-2
Convert 236 (base 8) to ba